{"id":369,"date":"2022-10-25T09:37:15","date_gmt":"2022-10-25T09:37:15","guid":{"rendered":"https:\/\/americacolque.com\/?post_type=product&#038;p=369"},"modified":"2023-05-19T04:18:45","modified_gmt":"2023-05-19T04:18:45","slug":"gato-decorativo-negro","status":"publish","type":"product","link":"https:\/\/americacolque.com\/?product=gato-decorativo-negro","title":{"rendered":"Gato decorativo Negro"},"content":{"rendered":"","protected":false},"excerpt":{"rendered":"<p class=\"p1\"><span class=\"s1\">Si te gustan los gatos, este es un bonito detalle que debes tener en cualquier estanter\u00eda, como centro de mesa, en tu habitaci\u00f3n o donde quieras t\u00fa.<\/span><\/p>\n<p class=\"p1\"><span class=\"s1\">Este gatito ha sido dibujado, cortado y cosido a mano en tela de fieltro color negro. Pide el color que m\u00e1s te guste, quedan geniales.<\/span><\/p>\n<ul>\n<li class=\"p1\"><span class=\"s1\"><strong>Medidas aproximadas:<\/strong> 22cm de alto por 12cm de ancho..<\/span><\/li>\n<li><span class=\"s2\">Si quieres personalizar este producto, contacta con nosotros a trav\u00e9s de siguiente bot\u00f3n.<\/span><\/li>\n<\/ul>\n<p><span class=\"s2\"><a  class=\"button  button_size_2\"  href=\"https:\/\/americacolque.com\/?page_id=22\" target=\"_blank\"   ><span class=\"button_label\">Personalizar<\/span><\/a>\n<\/span><\/p>\n","protected":false},"featured_media":370,"comment_status":"open","ping_status":"closed","template":"","meta":[],"product_cat":[17,42,40,48],"product_tag":[],"class_list":{"0":"post-369","1":"product","2":"type-product","3":"status-publish","4":"has-post-thumbnail","6":"product_cat-decoracion","7":"product_cat-detalles-para-bbc","8":"product_cat-munequeria","9":"product_cat-regalos","11":"first","12":"instock","13":"shipping-taxable","14":"purchasable","15":"product-type-simple"},"yoast_head":"<!-- This site is optimized with the Yoast SEO plugin v23.9 - https:\/\/yoast.com\/wordpress\/plugins\/seo\/ -->\n<title>Gato decorativo Negro - AMERICACOLQUE<\/title>\n<meta name=\"robots\" content=\"index, follow, max-snippet:-1, max-image-preview:large, max-video-preview:-1\" \/>\n<link rel=\"canonical\" href=\"https:\/\/americacolque.com\/?product=gato-decorativo-negro\" \/>\n<meta property=\"og:locale\" content=\"es_ES\" \/>\n<meta property=\"og:type\" content=\"article\" \/>\n<meta property=\"og:title\" content=\"Gato decorativo Negro - AMERICACOLQUE\" \/>\n<meta property=\"og:description\" content=\"Si te gustan los gatos, este es un bonito detalle que debes tener en cualquier estanter\u00eda, como centro de mesa, en tu habitaci\u00f3n o donde quieras t\u00fa. Este gatito ha sido dibujado, cortado y cosido a mano en tela de fieltro color negro. Pide el color que m\u00e1s te guste, quedan geniales.    Medidas aproximadas: 22cm de alto por 12cm de ancho..  Si quieres personalizar este producto, contacta con nosotros a trav\u00e9s de siguiente bot\u00f3n.\" \/>\n<meta property=\"og:url\" content=\"https:\/\/americacolque.com\/?product=gato-decorativo-negro\" \/>\n<meta property=\"og:site_name\" content=\"AMERICACOLQUE\" \/>\n<meta property=\"article:modified_time\" content=\"2023-05-19T04:18:45+00:00\" \/>\n<meta property=\"og:image\" content=\"https:\/\/americacolque.com\/wp-content\/uploads\/2022\/10\/gatonegrofieltro.png\" \/>\n\t<meta property=\"og:image:width\" content=\"1200\" \/>\n\t<meta property=\"og:image:height\" content=\"1200\" \/>\n\t<meta property=\"og:image:type\" content=\"image\/png\" \/>\n<meta name=\"twitter:card\" content=\"summary_large_image\" \/>\n<script type=\"application\/ld+json\" class=\"yoast-schema-graph\">{\"@context\":\"https:\/\/schema.org\",\"@graph\":[{\"@type\":\"WebPage\",\"@id\":\"https:\/\/americacolque.com\/?product=gato-decorativo-negro\",\"url\":\"https:\/\/americacolque.com\/?product=gato-decorativo-negro\",\"name\":\"Gato decorativo Negro - AMERICACOLQUE\",\"isPartOf\":{\"@id\":\"https:\/\/americacolque.com\/#website\"},\"primaryImageOfPage\":{\"@id\":\"https:\/\/americacolque.com\/?product=gato-decorativo-negro#primaryimage\"},\"image\":{\"@id\":\"https:\/\/americacolque.com\/?product=gato-decorativo-negro#primaryimage\"},\"thumbnailUrl\":\"https:\/\/americacolque.com\/wp-content\/uploads\/2022\/10\/gatonegrofieltro.png\",\"datePublished\":\"2022-10-25T09:37:15+00:00\",\"dateModified\":\"2023-05-19T04:18:45+00:00\",\"breadcrumb\":{\"@id\":\"https:\/\/americacolque.com\/?product=gato-decorativo-negro#breadcrumb\"},\"inLanguage\":\"es\",\"potentialAction\":[{\"@type\":\"ReadAction\",\"target\":[\"https:\/\/americacolque.com\/?product=gato-decorativo-negro\"]}]},{\"@type\":\"ImageObject\",\"inLanguage\":\"es\",\"@id\":\"https:\/\/americacolque.com\/?product=gato-decorativo-negro#primaryimage\",\"url\":\"https:\/\/americacolque.com\/wp-content\/uploads\/2022\/10\/gatonegrofieltro.png\",\"contentUrl\":\"https:\/\/americacolque.com\/wp-content\/uploads\/2022\/10\/gatonegrofieltro.png\",\"width\":1200,\"height\":1200},{\"@type\":\"BreadcrumbList\",\"@id\":\"https:\/\/americacolque.com\/?product=gato-decorativo-negro#breadcrumb\",\"itemListElement\":[{\"@type\":\"ListItem\",\"position\":1,\"name\":\"Portada\",\"item\":\"https:\/\/americacolque.com\/\"},{\"@type\":\"ListItem\",\"position\":2,\"name\":\"Productos\",\"item\":\"https:\/\/americacolque.com\/?page_id=330\"},{\"@type\":\"ListItem\",\"position\":3,\"name\":\"Gato decorativo Negro\"}]},{\"@type\":\"WebSite\",\"@id\":\"https:\/\/americacolque.com\/#website\",\"url\":\"https:\/\/americacolque.com\/\",\"name\":\"AMERICACOLQUE\",\"description\":\"Taller piezas artesanales exclusivas\",\"potentialAction\":[{\"@type\":\"SearchAction\",\"target\":{\"@type\":\"EntryPoint\",\"urlTemplate\":\"https:\/\/americacolque.com\/?s={search_term_string}\"},\"query-input\":{\"@type\":\"PropertyValueSpecification\",\"valueRequired\":true,\"valueName\":\"search_term_string\"}}],\"inLanguage\":\"es\"}]}<\/script>\n<!-- \/ Yoast SEO plugin. -->","yoast_head_json":{"title":"Gato decorativo Negro - AMERICACOLQUE","robots":{"index":"index","follow":"follow","max-snippet":"max-snippet:-1","max-image-preview":"max-image-preview:large","max-video-preview":"max-video-preview:-1"},"canonical":"https:\/\/americacolque.com\/?product=gato-decorativo-negro","og_locale":"es_ES","og_type":"article","og_title":"Gato decorativo Negro - AMERICACOLQUE","og_description":"Si te gustan los gatos, este es un bonito detalle que debes tener en cualquier estanter\u00eda, como centro de mesa, en tu habitaci\u00f3n o donde quieras t\u00fa. Este gatito ha sido dibujado, cortado y cosido a mano en tela de fieltro color negro. Pide el color que m\u00e1s te guste, quedan geniales.    Medidas aproximadas: 22cm de alto por 12cm de ancho..  Si quieres personalizar este producto, contacta con nosotros a trav\u00e9s de siguiente bot\u00f3n.","og_url":"https:\/\/americacolque.com\/?product=gato-decorativo-negro","og_site_name":"AMERICACOLQUE","article_modified_time":"2023-05-19T04:18:45+00:00","og_image":[{"width":1200,"height":1200,"url":"https:\/\/americacolque.com\/wp-content\/uploads\/2022\/10\/gatonegrofieltro.png","type":"image\/png"}],"twitter_card":"summary_large_image","schema":{"@context":"https:\/\/schema.org","@graph":[{"@type":"WebPage","@id":"https:\/\/americacolque.com\/?product=gato-decorativo-negro","url":"https:\/\/americacolque.com\/?product=gato-decorativo-negro","name":"Gato decorativo Negro - AMERICACOLQUE","isPartOf":{"@id":"https:\/\/americacolque.com\/#website"},"primaryImageOfPage":{"@id":"https:\/\/americacolque.com\/?product=gato-decorativo-negro#primaryimage"},"image":{"@id":"https:\/\/americacolque.com\/?product=gato-decorativo-negro#primaryimage"},"thumbnailUrl":"https:\/\/americacolque.com\/wp-content\/uploads\/2022\/10\/gatonegrofieltro.png","datePublished":"2022-10-25T09:37:15+00:00","dateModified":"2023-05-19T04:18:45+00:00","breadcrumb":{"@id":"https:\/\/americacolque.com\/?product=gato-decorativo-negro#breadcrumb"},"inLanguage":"es","potentialAction":[{"@type":"ReadAction","target":["https:\/\/americacolque.com\/?product=gato-decorativo-negro"]}]},{"@type":"ImageObject","inLanguage":"es","@id":"https:\/\/americacolque.com\/?product=gato-decorativo-negro#primaryimage","url":"https:\/\/americacolque.com\/wp-content\/uploads\/2022\/10\/gatonegrofieltro.png","contentUrl":"https:\/\/americacolque.com\/wp-content\/uploads\/2022\/10\/gatonegrofieltro.png","width":1200,"height":1200},{"@type":"BreadcrumbList","@id":"https:\/\/americacolque.com\/?product=gato-decorativo-negro#breadcrumb","itemListElement":[{"@type":"ListItem","position":1,"name":"Portada","item":"https:\/\/americacolque.com\/"},{"@type":"ListItem","position":2,"name":"Productos","item":"https:\/\/americacolque.com\/?page_id=330"},{"@type":"ListItem","position":3,"name":"Gato decorativo Negro"}]},{"@type":"WebSite","@id":"https:\/\/americacolque.com\/#website","url":"https:\/\/americacolque.com\/","name":"AMERICACOLQUE","description":"Taller piezas artesanales exclusivas","potentialAction":[{"@type":"SearchAction","target":{"@type":"EntryPoint","urlTemplate":"https:\/\/americacolque.com\/?s={search_term_string}"},"query-input":{"@type":"PropertyValueSpecification","valueRequired":true,"valueName":"search_term_string"}}],"inLanguage":"es"}]}},"_links":{"self":[{"href":"https:\/\/americacolque.com\/index.php?rest_route=\/wp\/v2\/product\/369","targetHints":{"allow":["GET"]}}],"collection":[{"href":"https:\/\/americacolque.com\/index.php?rest_route=\/wp\/v2\/product"}],"about":[{"href":"https:\/\/americacolque.com\/index.php?rest_route=\/wp\/v2\/types\/product"}],"replies":[{"embeddable":true,"href":"https:\/\/americacolque.com\/index.php?rest_route=%2Fwp%2Fv2%2Fcomments&post=369"}],"wp:featuredmedia":[{"embeddable":true,"href":"https:\/\/americacolque.com\/index.php?rest_route=\/wp\/v2\/media\/370"}],"wp:attachment":[{"href":"https:\/\/americacolque.com\/index.php?rest_route=%2Fwp%2Fv2%2Fmedia&parent=369"}],"wp:term":[{"taxonomy":"product_cat","embeddable":true,"href":"https:\/\/americacolque.com\/index.php?rest_route=%2Fwp%2Fv2%2Fproduct_cat&post=369"},{"taxonomy":"product_tag","embeddable":true,"href":"https:\/\/americacolque.com\/index.php?rest_route=%2Fwp%2Fv2%2Fproduct_tag&post=369"}],"curies":[{"name":"wp","href":"https:\/\/api.w.org\/{rel}","templated":true}]}}